{"id":1001,"date":"2023-02-18T13:29:34","date_gmt":"2023-02-18T13:29:34","guid":{"rendered":"http:\/\/moutier-d-ahun.fr\/?page_id=1001"},"modified":"2026-01-07T17:57:55","modified_gmt":"2026-01-07T17:57:55","slug":"informations-mairie","status":"publish","type":"page","link":"http:\/\/moutier-d-ahun.fr\/?page_id=1001","title":{"rendered":"Infos Mairie"},"content":{"rendered":"\t\t<div data-elementor-type=\"wp-page\" data-elementor-id=\"1001\" class=\"elementor elementor-1001\">\n\t\t\t\t\t\t<section class=\"elementor-section elementor-top-section elementor-element elementor-element-ca6ead8 elementor-section-height-min-height elementor-section-boxed elementor-section-height-default elementor-section-items-middle\" data-id=\"ca6ead8\" data-element_type=\"section\" data-e-type=\"section\" data-settings=\"{&quot;background_background&quot;:&quot;classic&quot;,&quot;shape_divider_bottom&quot;:&quot;opacity-tilt&quot;}\">\n\t\t\t\t\t\t\t<div class=\"elementor-background-overlay\"><\/div>\n\t\t\t\t\t\t<div class=\"elementor-shape elementor-shape-bottom\" aria-hidden=\"true\" data-negative=\"false\">\n\t\t\t<svg xmlns=\"http:\/\/www.w3.org\/2000\/svg\" viewBox=\"0 0 2600 131.1\" preserveAspectRatio=\"none\">\n\t<path class=\"elementor-shape-fill\" d=\"M0 0L2600 0 2600 69.1 0 0z\"\/>\n\t<path class=\"elementor-shape-fill\" style=\"opacity:0.5\" d=\"M0 0L2600 0 2600 69.1 0 69.1z\"\/>\n\t<path class=\"elementor-shape-fill\" style=\"opacity:0.25\" d=\"M2600 0L0 0 0 130.1 2600 69.1z\"\/>\n<\/svg>\t\t<\/div>\n\t\t\t\t\t<div class=\"elementor-container elementor-column-gap-default\">\n\t\t\t\t\t<div class=\"elementor-column elementor-col-100 elementor-top-column elementor-element elementor-element-b4f33dd\" data-id=\"b4f33dd\" data-element_type=\"column\" data-e-type=\"column\">\n\t\t\t<div class=\"elementor-widget-wrap elementor-element-populated\">\n\t\t\t\t\t\t<section class=\"elementor-section elementor-inner-section elementor-element elementor-element-6fa70e2 elementor-section-boxed elementor-section-height-default elementor-section-height-default\" data-id=\"6fa70e2\" data-element_type=\"section\" data-e-type=\"section\">\n\t\t\t\t\t\t<div class=\"elementor-container elementor-column-gap-default\">\n\t\t\t\t\t<div class=\"elementor-column elementor-col-100 elementor-inner-column elementor-element elementor-element-afbeace\" data-id=\"afbeace\" data-element_type=\"column\" data-e-type=\"column\">\n\t\t\t<div class=\"elementor-widget-wrap elementor-element-populated\">\n\t\t\t\t\t\t<div class=\"elementor-element elementor-element-3044ffe animated-slow elementor-invisible elementor-widget elementor-widget-heading\" data-id=\"3044ffe\" data-element_type=\"widget\" data-e-type=\"widget\" data-settings=\"{&quot;_animation&quot;:&quot;zoomInUp&quot;}\" data-widget_type=\"heading.default\">\n\t\t\t\t<div class=\"elementor-widget-container\">\n\t\t\t\t\t<h2 class=\"elementor-heading-title elementor-size-default\">05 55 62 45 63<\/h2>\t\t\t\t<\/div>\n\t\t\t\t<\/div>\n\t\t\t\t<div class=\"elementor-element elementor-element-c4c632b elementor-widget elementor-widget-spacer\" data-id=\"c4c632b\" data-element_type=\"widget\" data-e-type=\"widget\" data-widget_type=\"spacer.default\">\n\t\t\t\t<div class=\"elementor-widget-container\">\n\t\t\t\t\t\t\t<div class=\"elementor-spacer\">\n\t\t\t<div class=\"elementor-spacer-inner\"><\/div>\n\t\t<\/div>\n\t\t\t\t\t\t<\/div>\n\t\t\t\t<\/div>\n\t\t\t\t<div class=\"elementor-element elementor-element-38b86b9 elementor-invisible elementor-widget elementor-widget-heading\" data-id=\"38b86b9\" data-element_type=\"widget\" data-e-type=\"widget\" data-settings=\"{&quot;_animation&quot;:&quot;zoomInDown&quot;}\" data-widget_type=\"heading.default\">\n\t\t\t\t<div class=\"elementor-widget-container\">\n\t\t\t\t\t<h2 class=\"elementor-heading-title elementor-size-default\">Venez d\u00e9couvrir notre belle commune<\/h2>\t\t\t\t<\/div>\n\t\t\t\t<\/div>\n\t\t\t\t\t<\/div>\n\t\t<\/div>\n\t\t\t\t\t<\/div>\n\t\t<\/section>\n\t\t\t\t\t<\/div>\n\t\t<\/div>\n\t\t\t\t\t<\/div>\n\t\t<\/section>\n\t\t\t\t<section class=\"elementor-section elementor-top-section elementor-element elementor-element-2c633c9 elementor-section-boxed elementor-section-height-default elementor-section-height-default\" data-id=\"2c633c9\" data-element_type=\"section\" data-e-type=\"section\" data-settings=\"{&quot;background_background&quot;:&quot;gradient&quot;}\">\n\t\t\t\t\t\t<div class=\"elementor-container elementor-column-gap-default\">\n\t\t\t\t\t<div class=\"elementor-column elementor-col-100 elementor-top-column elementor-element elementor-element-dc82d72\" data-id=\"dc82d72\" data-element_type=\"column\" data-e-type=\"column\">\n\t\t\t<div class=\"elementor-widget-wrap elementor-element-populated\">\n\t\t\t\t\t\t<div class=\"elementor-element elementor-element-f0a964d elementor-widget elementor-widget-image\" data-id=\"f0a964d\" data-element_type=\"widget\" data-e-type=\"widget\" data-widget_type=\"image.default\">\n\t\t\t\t<div class=\"elementor-widget-container\">\n\t\t\t\t\t\t\t\t\t\t\t\t\t\t\t\t<a href=\"http:\/\/moutier-d-ahun.fr\/wp-content\/uploads\/2026\/01\/BM-Moutier-2025.pdf\" target=\"_blank\">\n\t\t\t\t\t\t\t<img fetchpriority=\"high\" decoding=\"async\" width=\"212\" height=\"300\" src=\"http:\/\/moutier-d-ahun.fr\/wp-content\/uploads\/2026\/01\/BM-Moutier-2025-212x300.jpg\" class=\"attachment-medium size-medium wp-image-1976\" alt=\"\" srcset=\"http:\/\/moutier-d-ahun.fr\/wp-content\/uploads\/2026\/01\/BM-Moutier-2025-212x300.jpg 212w, http:\/\/moutier-d-ahun.fr\/wp-content\/uploads\/2026\/01\/BM-Moutier-2025-724x1024.jpg 724w, http:\/\/moutier-d-ahun.fr\/wp-content\/uploads\/2026\/01\/BM-Moutier-2025-768x1086.jpg 768w, http:\/\/moutier-d-ahun.fr\/wp-content\/uploads\/2026\/01\/BM-Moutier-2025-1086x1536.jpg 1086w, http:\/\/moutier-d-ahun.fr\/wp-content\/uploads\/2026\/01\/BM-Moutier-2025.jpg 1240w\" sizes=\"(max-width: 212px) 100vw, 212px\" \/>\t\t\t\t\t\t\t\t<\/a>\n\t\t\t\t\t\t\t\t\t\t\t\t\t\t\t<\/div>\n\t\t\t\t<\/div>\n\t\t\t\t<div class=\"elementor-element elementor-element-8dcad91 elementor-widget elementor-widget-heading\" data-id=\"8dcad91\" data-element_type=\"widget\" data-e-type=\"widget\" data-widget_type=\"heading.default\">\n\t\t\t\t<div class=\"elementor-widget-container\">\n\t\t\t\t\t<h2 class=\"elementor-heading-title elementor-size-default\">Toute l'actualit\u00e9 de Mairie de Moutier-d'Ahun<\/h2>\t\t\t\t<\/div>\n\t\t\t\t<\/div>\n\t\t\t\t<div class=\"elementor-element elementor-element-ed89f65 elementor-widget elementor-widget-html\" data-id=\"ed89f65\" data-element_type=\"widget\" data-e-type=\"widget\" data-widget_type=\"html.default\">\n\t\t\t\t<div class=\"elementor-widget-container\">\n\t\t\t\t\t<iframe scrolling=\"yes\" allowtransparency=\"true\" allowfullscreen=\"true\" style=\"position: static; visibility: visible; display: block; width: 100%; height: 364.031px; padding: 0px; border: none; max-width: 100%; min-width: 220px; margin-top: 10px; margin-bottom: 10px;\" title=\"Fil d'actu Mairie de Moutier-d'Ahun\" src=\"https:\/\/station.illiwap.com\/fr\/public\/23138\/actu\/embed\"><\/iframe>\t\t\t\t<\/div>\n\t\t\t\t<\/div>\n\t\t\t\t<div class=\"elementor-element elementor-element-660c93b elementor-align-center elementor-invisible elementor-widget elementor-widget-button\" data-id=\"660c93b\" data-element_type=\"widget\" data-e-type=\"widget\" data-settings=\"{&quot;_animation&quot;:&quot;fadeInUp&quot;}\" data-widget_type=\"button.default\">\n\t\t\t\t<div class=\"elementor-widget-container\">\n\t\t\t\t\t\t\t\t\t<div class=\"elementor-button-wrapper\">\n\t\t\t\t\t<a class=\"elementor-button elementor-button-link elementor-size-sm elementor-animation-grow\" href=\"https:\/\/www.culture.gouv.fr\/Thematiques\/Monuments-Sites\/Interventions-demarches\/Travaux-sur-un-objet-un-immeuble-un-espace\/Realiser-des-travaux-en-abords-d-un-monument-historique\" target=\"_blank\">\n\t\t\t\t\t\t<span class=\"elementor-button-content-wrapper\">\n\t\t\t\t\t\t\t\t\t<span class=\"elementor-button-text\">Consulter le plan d'urbanisme de la commune<\/span>\n\t\t\t\t\t<\/span>\n\t\t\t\t\t<\/a>\n\t\t\t\t<\/div>\n\t\t\t\t\t\t\t\t<\/div>\n\t\t\t\t<\/div>\n\t\t\t\t<div class=\"elementor-element elementor-element-a3a5710 elementor-widget elementor-widget-spacer\" data-id=\"a3a5710\" data-element_type=\"widget\" data-e-type=\"widget\" data-widget_type=\"spacer.default\">\n\t\t\t\t<div class=\"elementor-widget-container\">\n\t\t\t\t\t\t\t<div class=\"elementor-spacer\">\n\t\t\t<div class=\"elementor-spacer-inner\"><\/div>\n\t\t<\/div>\n\t\t\t\t\t\t<\/div>\n\t\t\t\t<\/div>\n\t\t\t\t<section class=\"elementor-section elementor-inner-section elementor-element elementor-element-6e8a51e elementor-section-boxed elementor-section-height-default elementor-section-height-default\" data-id=\"6e8a51e\" data-element_type=\"section\" data-e-type=\"section\">\n\t\t\t\t\t\t<div class=\"elementor-container elementor-column-gap-default\">\n\t\t\t\t\t<div class=\"elementor-column elementor-col-33 elementor-inner-column elementor-element elementor-element-7ee3af6\" data-id=\"7ee3af6\" data-element_type=\"column\" data-e-type=\"column\">\n\t\t\t<div class=\"elementor-widget-wrap elementor-element-populated\">\n\t\t\t\t\t\t<div class=\"elementor-element elementor-element-9dd8665 elementor-widget elementor-widget-image\" data-id=\"9dd8665\" data-element_type=\"widget\" data-e-type=\"widget\" data-widget_type=\"image.default\">\n\t\t\t\t<div class=\"elementor-widget-container\">\n\t\t\t\t\t\t\t\t\t\t\t\t\t\t\t\t<a href=\"http:\/\/moutier-d-ahun.fr\/wp-content\/uploads\/2024\/04\/Etes-vous-certains-d-epouvoir-voter.jpg\" data-elementor-open-lightbox=\"yes\" data-elementor-lightbox-title=\"Etes-vous certains d epouvoir voter\" data-e-action-hash=\"#elementor-action%3Aaction%3Dlightbox%26settings%3DeyJpZCI6MTYwMiwidXJsIjoiaHR0cDpcL1wvbW91dGllci1kLWFodW4uZnJcL3dwLWNvbnRlbnRcL3VwbG9hZHNcLzIwMjRcLzA0XC9FdGVzLXZvdXMtY2VydGFpbnMtZC1lcG91dm9pci12b3Rlci53ZWJwIn0%3D\">\n\t\t\t\t\t\t\t<img decoding=\"async\" width=\"728\" height=\"1024\" src=\"http:\/\/moutier-d-ahun.fr\/wp-content\/uploads\/2024\/04\/Etes-vous-certains-d-epouvoir-voter-728x1024.webp\" class=\"attachment-large size-large wp-image-1602\" alt=\"\" srcset=\"http:\/\/moutier-d-ahun.fr\/wp-content\/uploads\/2024\/04\/Etes-vous-certains-d-epouvoir-voter-728x1024.webp 728w, http:\/\/moutier-d-ahun.fr\/wp-content\/uploads\/2024\/04\/Etes-vous-certains-d-epouvoir-voter-213x300.webp 213w, http:\/\/moutier-d-ahun.fr\/wp-content\/uploads\/2024\/04\/Etes-vous-certains-d-epouvoir-voter-768x1080.webp 768w, http:\/\/moutier-d-ahun.fr\/wp-content\/uploads\/2024\/04\/Etes-vous-certains-d-epouvoir-voter-1092x1536.webp 1092w, http:\/\/moutier-d-ahun.fr\/wp-content\/uploads\/2024\/04\/Etes-vous-certains-d-epouvoir-voter.webp 1101w\" sizes=\"(max-width: 728px) 100vw, 728px\" \/>\t\t\t\t\t\t\t\t<\/a>\n\t\t\t\t\t\t\t\t\t\t\t\t\t\t\t<\/div>\n\t\t\t\t<\/div>\n\t\t\t\t\t<\/div>\n\t\t<\/div>\n\t\t\t\t<div class=\"elementor-column elementor-col-33 elementor-inner-column elementor-element elementor-element-a142ddd\" data-id=\"a142ddd\" data-element_type=\"column\" data-e-type=\"column\">\n\t\t\t<div class=\"elementor-widget-wrap\">\n\t\t\t\t\t\t\t<\/div>\n\t\t<\/div>\n\t\t\t\t<div class=\"elementor-column elementor-col-33 elementor-inner-column elementor-element elementor-element-2d2daee\" data-id=\"2d2daee\" data-element_type=\"column\" data-e-type=\"column\">\n\t\t\t<div class=\"elementor-widget-wrap elementor-element-populated\">\n\t\t\t\t\t\t<div class=\"elementor-element elementor-element-88553b9 elementor-widget elementor-widget-image\" data-id=\"88553b9\" data-element_type=\"widget\" data-e-type=\"widget\" data-widget_type=\"image.default\">\n\t\t\t\t<div class=\"elementor-widget-container\">\n\t\t\t\t\t\t\t\t\t\t\t\t\t\t\t\t<a href=\"http:\/\/moutier-d-ahun.fr\/wp-content\/uploads\/2024\/04\/Communique-Pref-Brulage-dechets-verts.pdf\">\n\t\t\t\t\t\t\t<img decoding=\"async\" width=\"684\" height=\"1024\" src=\"http:\/\/moutier-d-ahun.fr\/wp-content\/uploads\/2024\/04\/Communique-Pref-Brulage-dechets-verts-684x1024.webp\" class=\"attachment-large size-large wp-image-1613\" alt=\"\" srcset=\"http:\/\/moutier-d-ahun.fr\/wp-content\/uploads\/2024\/04\/Communique-Pref-Brulage-dechets-verts-684x1024.webp 684w, http:\/\/moutier-d-ahun.fr\/wp-content\/uploads\/2024\/04\/Communique-Pref-Brulage-dechets-verts-200x300.webp 200w, http:\/\/moutier-d-ahun.fr\/wp-content\/uploads\/2024\/04\/Communique-Pref-Brulage-dechets-verts-768x1149.webp 768w, http:\/\/moutier-d-ahun.fr\/wp-content\/uploads\/2024\/04\/Communique-Pref-Brulage-dechets-verts.webp 1019w\" sizes=\"(max-width: 684px) 100vw, 684px\" \/>\t\t\t\t\t\t\t\t<\/a>\n\t\t\t\t\t\t\t\t\t\t\t\t\t\t\t<\/div>\n\t\t\t\t<\/div>\n\t\t\t\t\t<\/div>\n\t\t<\/div>\n\t\t\t\t\t<\/div>\n\t\t<\/section>\n\t\t\t\t<div class=\"elementor-element elementor-element-82c45d9 elementor-widget elementor-widget-spacer\" data-id=\"82c45d9\" data-element_type=\"widget\" data-e-type=\"widget\" data-widget_type=\"spacer.default\">\n\t\t\t\t<div class=\"elementor-widget-container\">\n\t\t\t\t\t\t\t<div class=\"elementor-spacer\">\n\t\t\t<div class=\"elementor-spacer-inner\"><\/div>\n\t\t<\/div>\n\t\t\t\t\t\t<\/div>\n\t\t\t\t<\/div>\n\t\t\t\t<section class=\"elementor-section elementor-inner-section elementor-element elementor-element-0b27f5c elementor-section-boxed elementor-section-height-default elementor-section-height-default\" data-id=\"0b27f5c\" data-element_type=\"section\" data-e-type=\"section\">\n\t\t\t\t\t\t<div class=\"elementor-container elementor-column-gap-default\">\n\t\t\t\t\t<div class=\"elementor-column elementor-col-33 elementor-inner-column elementor-element elementor-element-968e4a4\" data-id=\"968e4a4\" data-element_type=\"column\" data-e-type=\"column\">\n\t\t\t<div class=\"elementor-widget-wrap\">\n\t\t\t\t\t\t\t<\/div>\n\t\t<\/div>\n\t\t\t\t<div class=\"elementor-column elementor-col-33 elementor-inner-column elementor-element elementor-element-6686d3f\" data-id=\"6686d3f\" data-element_type=\"column\" data-e-type=\"column\">\n\t\t\t<div class=\"elementor-widget-wrap elementor-element-populated\">\n\t\t\t\t\t\t<div class=\"elementor-element elementor-element-64ed661 elementor-widget elementor-widget-text-editor\" data-id=\"64ed661\" data-element_type=\"widget\" data-e-type=\"widget\" data-widget_type=\"text-editor.default\">\n\t\t\t\t<div class=\"elementor-widget-container\">\n\t\t\t\t\t\t\t\t\t<p>Tout savoir sur le tri s\u00e9lectif<\/p><p>(Cliquez sur l&rsquo;image)<\/p>\t\t\t\t\t\t\t\t<\/div>\n\t\t\t\t<\/div>\n\t\t\t\t<div class=\"elementor-element elementor-element-be3e1b0 elementor-widget elementor-widget-image\" data-id=\"be3e1b0\" data-element_type=\"widget\" data-e-type=\"widget\" data-widget_type=\"image.default\">\n\t\t\t\t<div class=\"elementor-widget-container\">\n\t\t\t\t\t\t\t\t\t\t\t\t\t\t\t\t<a href=\"http:\/\/moutier-d-ahun.fr\/wp-content\/uploads\/2022\/12\/tris-selectif.pdf\" target=\"_blank\">\n\t\t\t\t\t\t\t<img loading=\"lazy\" decoding=\"async\" width=\"1024\" height=\"682\" src=\"http:\/\/moutier-d-ahun.fr\/wp-content\/uploads\/2022\/12\/nature-3294632_1280-1024x682.webp\" class=\"attachment-large size-large wp-image-874\" alt=\"\" srcset=\"http:\/\/moutier-d-ahun.fr\/wp-content\/uploads\/2022\/12\/nature-3294632_1280-1024x682.webp 1024w, http:\/\/moutier-d-ahun.fr\/wp-content\/uploads\/2022\/12\/nature-3294632_1280-300x200.webp 300w, http:\/\/moutier-d-ahun.fr\/wp-content\/uploads\/2022\/12\/nature-3294632_1280-768x512.webp 768w, http:\/\/moutier-d-ahun.fr\/wp-content\/uploads\/2022\/12\/nature-3294632_1280.webp 1280w\" sizes=\"(max-width: 1024px) 100vw, 1024px\" \/>\t\t\t\t\t\t\t\t<\/a>\n\t\t\t\t\t\t\t\t\t\t\t\t\t\t\t<\/div>\n\t\t\t\t<\/div>\n\t\t\t\t\t<\/div>\n\t\t<\/div>\n\t\t\t\t<div class=\"elementor-column elementor-col-33 elementor-inner-column elementor-element elementor-element-c8ef810\" data-id=\"c8ef810\" data-element_type=\"column\" data-e-type=\"column\">\n\t\t\t<div class=\"elementor-widget-wrap\">\n\t\t\t\t\t\t\t<\/div>\n\t\t<\/div>\n\t\t\t\t\t<\/div>\n\t\t<\/section>\n\t\t\t\t<div class=\"elementor-element elementor-element-e361d2e elementor-widget elementor-widget-spacer\" data-id=\"e361d2e\" data-element_type=\"widget\" data-e-type=\"widget\" data-widget_type=\"spacer.default\">\n\t\t\t\t<div class=\"elementor-widget-container\">\n\t\t\t\t\t\t\t<div class=\"elementor-spacer\">\n\t\t\t<div class=\"elementor-spacer-inner\"><\/div>\n\t\t<\/div>\n\t\t\t\t\t\t<\/div>\n\t\t\t\t<\/div>\n\t\t\t\t<div class=\"elementor-element elementor-element-9931f88 elementor-widget elementor-widget-spacer\" data-id=\"9931f88\" data-element_type=\"widget\" data-e-type=\"widget\" data-widget_type=\"spacer.default\">\n\t\t\t\t<div class=\"elementor-widget-container\">\n\t\t\t\t\t\t\t<div class=\"elementor-spacer\">\n\t\t\t<div class=\"elementor-spacer-inner\"><\/div>\n\t\t<\/div>\n\t\t\t\t\t\t<\/div>\n\t\t\t\t<\/div>\n\t\t\t\t\t<\/div>\n\t\t<\/div>\n\t\t\t\t\t<\/div>\n\t\t<\/section>\n\t\t\t\t<\/div>\n\t\t","protected":false},"excerpt":{"rendered":"<p>05 55 62 45 63 Venez d\u00e9couvrir notre belle commune Toute l&rsquo;actualit\u00e9 de Mairie de Moutier-d&rsquo;Ahun Consulter le plan d&rsquo;urbanisme de la commune Tout savoir sur le tri s\u00e9lectif (Cliquez sur l&rsquo;image)<\/p>\n","protected":false},"author":1,"featured_media":0,"parent":0,"menu_order":0,"comment_status":"closed","ping_status":"closed","template":"","meta":{"_monsterinsights_skip_tracking":false,"_monsterinsights_sitenote_active":false,"_monsterinsights_sitenote_note":"","_monsterinsights_sitenote_category":0,"_kadence_starter_templates_imported_post":false,"_kad_post_transparent":"","_kad_post_title":"hide","_kad_post_layout":"fullwidth","_kad_post_sidebar_id":"","_kad_post_content_style":"unboxed","_kad_post_vertical_padding":"hide","_kad_post_feature":"hide","_kad_post_feature_position":"","_kad_post_header":false,"_kad_post_footer":false,"_kad_post_classname":"","footnotes":""},"class_list":["post-1001","page","type-page","status-publish","hentry"],"yoast_head":"<!-- This site is optimized with the Yoast SEO plugin v27.5 - https:\/\/yoast.com\/product\/yoast-seo-wordpress\/ -->\n<title>Infos Mairie - Moutier d Ahun<\/title>\n<meta name=\"robots\" content=\"index, follow, max-snippet:-1, max-image-preview:large, max-video-preview:-1\" \/>\n<link rel=\"canonical\" href=\"http:\/\/moutier-d-ahun.fr\/?page_id=1001\" \/>\n<meta property=\"og:locale\" content=\"fr_FR\" \/>\n<meta property=\"og:type\" content=\"article\" \/>\n<meta property=\"og:title\" content=\"Infos Mairie - Moutier d Ahun\" \/>\n<meta property=\"og:description\" content=\"05 55 62 45 63 Venez d\u00e9couvrir notre belle commune Toute l&rsquo;actualit\u00e9 de Mairie de Moutier-d&rsquo;Ahun Consulter le plan d&rsquo;urbanisme de la commune Tout savoir sur le tri s\u00e9lectif (Cliquez sur l&rsquo;image)\" \/>\n<meta property=\"og:url\" content=\"http:\/\/moutier-d-ahun.fr\/?page_id=1001\" \/>\n<meta property=\"og:site_name\" content=\"Moutier d Ahun\" \/>\n<meta property=\"article:modified_time\" content=\"2026-01-07T17:57:55+00:00\" \/>\n<meta property=\"og:image\" content=\"http:\/\/moutier-d-ahun.fr\/wp-content\/uploads\/2026\/01\/BM-Moutier-2025-212x300.jpg\" \/>\n<meta name=\"twitter:card\" content=\"summary_large_image\" \/>\n<meta name=\"twitter:label1\" content=\"Dur\u00e9e de lecture estim\u00e9e\" \/>\n\t<meta name=\"twitter:data1\" content=\"1 minute\" \/>\n<script type=\"application\/ld+json\" class=\"yoast-schema-graph\">{\"@context\":\"https:\\\/\\\/schema.org\",\"@graph\":[{\"@type\":\"WebPage\",\"@id\":\"http:\\\/\\\/moutier-d-ahun.fr\\\/?page_id=1001\",\"url\":\"http:\\\/\\\/moutier-d-ahun.fr\\\/?page_id=1001\",\"name\":\"Infos Mairie - Moutier d Ahun\",\"isPartOf\":{\"@id\":\"http:\\\/\\\/moutier-d-ahun.fr\\\/#website\"},\"primaryImageOfPage\":{\"@id\":\"http:\\\/\\\/moutier-d-ahun.fr\\\/?page_id=1001#primaryimage\"},\"image\":{\"@id\":\"http:\\\/\\\/moutier-d-ahun.fr\\\/?page_id=1001#primaryimage\"},\"thumbnailUrl\":\"http:\\\/\\\/moutier-d-ahun.fr\\\/wp-content\\\/uploads\\\/2026\\\/01\\\/BM-Moutier-2025-212x300.jpg\",\"datePublished\":\"2023-02-18T13:29:34+00:00\",\"dateModified\":\"2026-01-07T17:57:55+00:00\",\"breadcrumb\":{\"@id\":\"http:\\\/\\\/moutier-d-ahun.fr\\\/?page_id=1001#breadcrumb\"},\"inLanguage\":\"fr-FR\",\"potentialAction\":[{\"@type\":\"ReadAction\",\"target\":[\"http:\\\/\\\/moutier-d-ahun.fr\\\/?page_id=1001\"]}]},{\"@type\":\"ImageObject\",\"inLanguage\":\"fr-FR\",\"@id\":\"http:\\\/\\\/moutier-d-ahun.fr\\\/?page_id=1001#primaryimage\",\"url\":\"http:\\\/\\\/moutier-d-ahun.fr\\\/wp-content\\\/uploads\\\/2026\\\/01\\\/BM-Moutier-2025.jpg\",\"contentUrl\":\"http:\\\/\\\/moutier-d-ahun.fr\\\/wp-content\\\/uploads\\\/2026\\\/01\\\/BM-Moutier-2025.jpg\",\"width\":1240,\"height\":1754},{\"@type\":\"BreadcrumbList\",\"@id\":\"http:\\\/\\\/moutier-d-ahun.fr\\\/?page_id=1001#breadcrumb\",\"itemListElement\":[{\"@type\":\"ListItem\",\"position\":1,\"name\":\"Accueil\",\"item\":\"http:\\\/\\\/moutier-d-ahun.fr\\\/\"},{\"@type\":\"ListItem\",\"position\":2,\"name\":\"Infos Mairie\"}]},{\"@type\":\"WebSite\",\"@id\":\"http:\\\/\\\/moutier-d-ahun.fr\\\/#website\",\"url\":\"http:\\\/\\\/moutier-d-ahun.fr\\\/\",\"name\":\"Moutier d Ahun\",\"description\":\"\",\"publisher\":{\"@id\":\"http:\\\/\\\/moutier-d-ahun.fr\\\/#organization\"},\"potentialAction\":[{\"@type\":\"SearchAction\",\"target\":{\"@type\":\"EntryPoint\",\"urlTemplate\":\"http:\\\/\\\/moutier-d-ahun.fr\\\/?s={search_term_string}\"},\"query-input\":{\"@type\":\"PropertyValueSpecification\",\"valueRequired\":true,\"valueName\":\"search_term_string\"}}],\"inLanguage\":\"fr-FR\"},{\"@type\":\"Organization\",\"@id\":\"http:\\\/\\\/moutier-d-ahun.fr\\\/#organization\",\"name\":\"Moutier d Ahun\",\"url\":\"http:\\\/\\\/moutier-d-ahun.fr\\\/\",\"logo\":{\"@type\":\"ImageObject\",\"inLanguage\":\"fr-FR\",\"@id\":\"http:\\\/\\\/moutier-d-ahun.fr\\\/#\\\/schema\\\/logo\\\/image\\\/\",\"url\":\"http:\\\/\\\/moutier-d-ahun.fr\\\/wp-content\\\/uploads\\\/2021\\\/06\\\/cropped-Logo-Mairie-VF-2.png\",\"contentUrl\":\"http:\\\/\\\/moutier-d-ahun.fr\\\/wp-content\\\/uploads\\\/2021\\\/06\\\/cropped-Logo-Mairie-VF-2.png\",\"width\":478,\"height\":158,\"caption\":\"Moutier d Ahun\"},\"image\":{\"@id\":\"http:\\\/\\\/moutier-d-ahun.fr\\\/#\\\/schema\\\/logo\\\/image\\\/\"}}]}<\/script>\n<!-- \/ Yoast SEO plugin. -->","yoast_head_json":{"title":"Infos Mairie - Moutier d Ahun","robots":{"index":"index","follow":"follow","max-snippet":"max-snippet:-1","max-image-preview":"max-image-preview:large","max-video-preview":"max-video-preview:-1"},"canonical":"http:\/\/moutier-d-ahun.fr\/?page_id=1001","og_locale":"fr_FR","og_type":"article","og_title":"Infos Mairie - Moutier d Ahun","og_description":"05 55 62 45 63 Venez d\u00e9couvrir notre belle commune Toute l&rsquo;actualit\u00e9 de Mairie de Moutier-d&rsquo;Ahun Consulter le plan d&rsquo;urbanisme de la commune Tout savoir sur le tri s\u00e9lectif (Cliquez sur l&rsquo;image)","og_url":"http:\/\/moutier-d-ahun.fr\/?page_id=1001","og_site_name":"Moutier d Ahun","article_modified_time":"2026-01-07T17:57:55+00:00","og_image":[{"url":"http:\/\/moutier-d-ahun.fr\/wp-content\/uploads\/2026\/01\/BM-Moutier-2025-212x300.jpg","type":"","width":"","height":""}],"twitter_card":"summary_large_image","twitter_misc":{"Dur\u00e9e de lecture estim\u00e9e":"1 minute"},"schema":{"@context":"https:\/\/schema.org","@graph":[{"@type":"WebPage","@id":"http:\/\/moutier-d-ahun.fr\/?page_id=1001","url":"http:\/\/moutier-d-ahun.fr\/?page_id=1001","name":"Infos Mairie - Moutier d Ahun","isPartOf":{"@id":"http:\/\/moutier-d-ahun.fr\/#website"},"primaryImageOfPage":{"@id":"http:\/\/moutier-d-ahun.fr\/?page_id=1001#primaryimage"},"image":{"@id":"http:\/\/moutier-d-ahun.fr\/?page_id=1001#primaryimage"},"thumbnailUrl":"http:\/\/moutier-d-ahun.fr\/wp-content\/uploads\/2026\/01\/BM-Moutier-2025-212x300.jpg","datePublished":"2023-02-18T13:29:34+00:00","dateModified":"2026-01-07T17:57:55+00:00","breadcrumb":{"@id":"http:\/\/moutier-d-ahun.fr\/?page_id=1001#breadcrumb"},"inLanguage":"fr-FR","potentialAction":[{"@type":"ReadAction","target":["http:\/\/moutier-d-ahun.fr\/?page_id=1001"]}]},{"@type":"ImageObject","inLanguage":"fr-FR","@id":"http:\/\/moutier-d-ahun.fr\/?page_id=1001#primaryimage","url":"http:\/\/moutier-d-ahun.fr\/wp-content\/uploads\/2026\/01\/BM-Moutier-2025.jpg","contentUrl":"http:\/\/moutier-d-ahun.fr\/wp-content\/uploads\/2026\/01\/BM-Moutier-2025.jpg","width":1240,"height":1754},{"@type":"BreadcrumbList","@id":"http:\/\/moutier-d-ahun.fr\/?page_id=1001#breadcrumb","itemListElement":[{"@type":"ListItem","position":1,"name":"Accueil","item":"http:\/\/moutier-d-ahun.fr\/"},{"@type":"ListItem","position":2,"name":"Infos Mairie"}]},{"@type":"WebSite","@id":"http:\/\/moutier-d-ahun.fr\/#website","url":"http:\/\/moutier-d-ahun.fr\/","name":"Moutier d Ahun","description":"","publisher":{"@id":"http:\/\/moutier-d-ahun.fr\/#organization"},"potentialAction":[{"@type":"SearchAction","target":{"@type":"EntryPoint","urlTemplate":"http:\/\/moutier-d-ahun.fr\/?s={search_term_string}"},"query-input":{"@type":"PropertyValueSpecification","valueRequired":true,"valueName":"search_term_string"}}],"inLanguage":"fr-FR"},{"@type":"Organization","@id":"http:\/\/moutier-d-ahun.fr\/#organization","name":"Moutier d Ahun","url":"http:\/\/moutier-d-ahun.fr\/","logo":{"@type":"ImageObject","inLanguage":"fr-FR","@id":"http:\/\/moutier-d-ahun.fr\/#\/schema\/logo\/image\/","url":"http:\/\/moutier-d-ahun.fr\/wp-content\/uploads\/2021\/06\/cropped-Logo-Mairie-VF-2.png","contentUrl":"http:\/\/moutier-d-ahun.fr\/wp-content\/uploads\/2021\/06\/cropped-Logo-Mairie-VF-2.png","width":478,"height":158,"caption":"Moutier d Ahun"},"image":{"@id":"http:\/\/moutier-d-ahun.fr\/#\/schema\/logo\/image\/"}}]}},"_links":{"self":[{"href":"http:\/\/moutier-d-ahun.fr\/index.php?rest_route=\/wp\/v2\/pages\/1001","targetHints":{"allow":["GET"]}}],"collection":[{"href":"http:\/\/moutier-d-ahun.fr\/index.php?rest_route=\/wp\/v2\/pages"}],"about":[{"href":"http:\/\/moutier-d-ahun.fr\/index.php?rest_route=\/wp\/v2\/types\/page"}],"author":[{"embeddable":true,"href":"http:\/\/moutier-d-ahun.fr\/index.php?rest_route=\/wp\/v2\/users\/1"}],"replies":[{"embeddable":true,"href":"http:\/\/moutier-d-ahun.fr\/index.php?rest_route=%2Fwp%2Fv2%2Fcomments&post=1001"}],"version-history":[{"count":148,"href":"http:\/\/moutier-d-ahun.fr\/index.php?rest_route=\/wp\/v2\/pages\/1001\/revisions"}],"predecessor-version":[{"id":1986,"href":"http:\/\/moutier-d-ahun.fr\/index.php?rest_route=\/wp\/v2\/pages\/1001\/revisions\/1986"}],"wp:attachment":[{"href":"http:\/\/moutier-d-ahun.fr\/index.php?rest_route=%2Fwp%2Fv2%2Fmedia&parent=1001"}],"curies":[{"name":"wp","href":"https:\/\/api.w.org\/{rel}","templated":true}]}}